{"id":856,"date":"2020-02-15T13:49:23","date_gmt":"2020-02-15T13:49:23","guid":{"rendered":"https:\/\/gartenfreunde-auritz.de\/?page_id=856"},"modified":"2025-09-08T13:06:20","modified_gmt":"2025-09-08T13:06:20","slug":"arbeitseinsaetze","status":"publish","type":"page","link":"https:\/\/gartenfreunde-auritz.de\/?page_id=856","title":{"rendered":"Arbeitseins\u00e4tze 2025"},"content":{"rendered":"\n<p>In diesem Jahr sind die Arbeitseins\u00e4tze f\u00fcr folgende Termine geplant:<\/p>\n\n\n\n<p class=\"has-accent-color has-text-color has-link-color wp-elements-1b72bc8c67dfa01266acc9cfddffff37\">24.05.2025 Beginn: 9:00 Uhr<\/p>\n\n\n\n<p class=\"has-accent-color has-text-color has-link-color wp-elements-749eb48eeb50a3ef4ea546591d6e5eea\">25.10.2025 Beginn 9:00 Uhr<\/p>\n\n\n\n<p>F\u00fcr die Planung ist es wichtig, dass ihr euch bei Stefan Hausmann vorher meldet, wenn ihr am Arbeitseinsatz teilnehmen werdet.<\/p>\n","protected":false},"excerpt":{"rendered":"<p>In diesem Jahr sind die Arbeitseins\u00e4tze f\u00fcr folgende Termine geplant: 24.05.2025 Beginn: 9:00 Uhr 25.10.2025 Beginn 9:00 Uhr F\u00fcr die Planung ist es wichtig, dass ihr euch bei Stefan Hausmann vorher meldet, wenn ihr am Arbeitseinsatz teilnehmen werdet.<\/p>\n","protected":false},"author":3,"featured_media":0,"parent":25,"menu_order":1,"comment_status":"closed","ping_status":"closed","template":"","meta":{"footnotes":""},"class_list":["post-856","page","type-page","status-publish","hentry","post-preview"],"_links":{"self":[{"href":"https:\/\/gartenfreunde-auritz.de\/index.php?rest_route=\/wp\/v2\/pages\/856","targetHints":{"allow":["GET"]}}],"collection":[{"href":"https:\/\/gartenfreunde-auritz.de\/index.php?rest_route=\/wp\/v2\/pages"}],"about":[{"href":"https:\/\/gartenfreunde-auritz.de\/index.php?rest_route=\/wp\/v2\/types\/page"}],"author":[{"embeddable":true,"href":"https:\/\/gartenfreunde-auritz.de\/index.php?rest_route=\/wp\/v2\/users\/3"}],"replies":[{"embeddable":true,"href":"https:\/\/gartenfreunde-auritz.de\/index.php?rest_route=%2Fwp%2Fv2%2Fcomments&post=856"}],"version-history":[{"count":20,"href":"https:\/\/gartenfreunde-auritz.de\/index.php?rest_route=\/wp\/v2\/pages\/856\/revisions"}],"predecessor-version":[{"id":1500,"href":"https:\/\/gartenfreunde-auritz.de\/index.php?rest_route=\/wp\/v2\/pages\/856\/revisions\/1500"}],"up":[{"embeddable":true,"href":"https:\/\/gartenfreunde-auritz.de\/index.php?rest_route=\/wp\/v2\/pages\/25"}],"wp:attachment":[{"href":"https:\/\/gartenfreunde-auritz.de\/index.php?rest_route=%2Fwp%2Fv2%2Fmedia&parent=856"}],"curies":[{"name":"wp","href":"https:\/\/api.w.org\/{rel}","templated":true}]}}

Arbeitseinsätze 2025

<p>In diesem Jahr sind die Arbeitseinsätze für folgende Termine geplant:</p>



<p class="has-accent-color has-text-color has-link-color wp-elements-1b72bc8c67dfa01266acc9cfddffff37">24.05.2025 Beginn: 9:00 Uhr</p>



<p class="has-accent-color has-text-color has-link-color wp-elements-749eb48eeb50a3ef4ea546591d6e5eea">25.10.2025 Beginn 9:00 Uhr</p>



<p>Für die Planung ist es wichtig, dass ihr euch bei Stefan Hausmann vorher meldet, wenn ihr am Arbeitseinsatz teilnehmen werdet.</p>

<p>In diesem Jahr sind die Arbeitseinsätze für folgende Termine geplant: 24.05.2025 Beginn: 9:00 Uhr 25.10.2025 Beginn 9:00 Uhr Für die Planung ist es wichtig, dass ihr euch bei Stefan Hausmann vorher meldet, wenn ihr am Arbeitseinsatz teilnehmen werdet.</p>
