{"id":76,"date":"2017-05-29T08:40:18","date_gmt":"2017-05-29T06:40:18","guid":{"rendered":"http:\/\/localhost\/garten\/?page_id=76"},"modified":"2023-06-17T13:12:12","modified_gmt":"2023-06-17T13:12:12","slug":"impressum","status":"publish","type":"page","link":"https:\/\/gartenfreunde-auritz.de\/?page_id=76","title":{"rendered":"Impressum"},"content":{"rendered":"<p class=\"paragraph_style_1\"><strong>Angaben gem. \u00a75 TMG:<\/strong><\/p>\n<p class=\"paragraph_style_2\">Gartenfreunde Auritz e.V.<br \/>\nUntere Stra\u00dfe 1<br \/>\n02625 Bautzen<\/p>\n<p class=\"paragraph_style_1\"><strong>vertreten durch:<\/strong><\/p>\n<p class=\"paragraph_style_2\">Reno Schenk<\/p>\n<p class=\"paragraph_style_1\"><strong>verantwortlich f\u00fcr den Inhalt gem \u00a755 Abs 2 RStV:<\/strong><\/p>\n<p>Reno Schenk<br \/>\nAnja Weise<\/p>\n<p class=\"paragraph_style_1\"><strong>Registereintrag<\/strong>:<\/p>\n<p class=\"paragraph_style_2\">Eintragung im Vereinsregister des Amtsgericht Bautzen, Register-Nr.: 30151<\/p>\n<p class=\"paragraph_style_1\"><strong>Disclaimer\/Haftungsausschluss<\/strong><\/p>\n<p class=\"paragraph_style_4\"><strong>Haftung f\u00fcr Inhalte<\/strong><span class=\"style\"><br \/>\n<\/span><\/p>\n<p class=\"paragraph_style_5\">Als Diensteanbieter sind wir gem\u00e4\u00df \u00a7 7 Abs.1 TMG f\u00fcr eigene Inhalte auf diesen Seiten nach den allgemeinen Gesetzen verantwortlich. Nach \u00a7\u00a7 8 bis 10 TMG sind wir als Diensteanbieter jedoch nicht verpflichtet, \u00fcbermittelte oder gespeicherte fremde Informationen zu \u00fcberwachen oder nach Umst\u00e4nden zu forschen, die auf eine rechtswidrige T\u00e4tigkeit hinweisen. Verpflichtungen zur Entfernung oder Sperrung der Nutzung von Informationen nach den allgemeinen Gesetzen bleiben hiervon unber\u00fchrt. Eine diesbez\u00fcgliche Haftung ist jedoch erst ab dem Zeitpunkt der Kenntnis einer konkreten Rechtsverletzung m\u00f6glich. Bei Bekanntwerden von entsprechenden Rechtsverletzungen werden wir diese Inhalte umgehend entfernen.<\/p>\n<p class=\"paragraph_style_4\"><strong>Urheberrecht<\/strong><span class=\"style\"><br \/>\n<\/span><\/p>\n<p class=\"paragraph_style_5\">Die durch die Seitenbetreiber erstellten Inhalte und Werke auf diesen Seiten unterliegen dem deutschen Urheberrecht. Die Vervielf\u00e4ltigung, Bearbeitung, Verbreitung und jede Art der Verwertung au\u00dferhalb der Grenzen des Urheberrechtes bed\u00fcrfen der schriftlichen Zustimmung des jeweiligen Autors bzw. Erstellers. Downloads und Kopien dieser Seite sind nur f\u00fcr den privaten, nicht kommerziellen Gebrauch gestattet. Soweit die Inhalte auf dieser Seite nicht vom Betreiber erstellt wurden, werden die Urheberrechte Dritter beachtet. Insbesondere werden Inhalte Dritter als solche gekennzeichnet. Sollten Sie trotzdem auf eine Urheberrechtsverletzung aufmerksam werden, bitten wir um einen entsprechenden Hinweis. Bei Bekanntwerden von Rechtsverletzungen werden wir derartige Inhalte umgehend entfernen.<\/p>\n<p class=\"paragraph_style_5\"><strong><span class=\"style_1\">Datenschutz<\/span><\/strong><\/p>\n<p class=\"paragraph_style_5\">Die Nutzung unserer Webseite ist ohne Angabe personenbezogener Daten m\u00f6glich.\u00a0 Wir weisen darauf hin, dass die Daten\u00fcbertragung im Internet (z.B. bei der Kommunikation per email) Sicherheitsl\u00fccken aufweisen kann. Ein l\u00fcckenloser Schutz der Daten vor dem Zugriff durch Dritte ist nicht m\u00f6glich. Der Nutzung von im Rahmen der Impressumspflicht ver\u00f6ffentlichten Kontaktdaten durch Dritte zur \u00dcbersendung von nicht ausdr\u00fccklich angeforderter Werbung und Informationsmaterialien wird hiermit ausdr\u00fccklich widersprochen. Die Betreiber der Seiten behalten sich ausdr\u00fccklich rechtliche Schritte im Falle der unverlangten Zusendung von Werbeinformationen, z.B. durch Spam-Mails, vor.<\/p>\n","protected":false},"excerpt":{"rendered":"<p>Angaben gem. \u00a75 TMG: Gartenfreunde Auritz e.V. Untere Stra\u00dfe 1 02625 Bautzen vertreten durch: Reno Schenk verantwortlich f\u00fcr den Inhalt gem \u00a755 Abs 2 RStV: Reno Schenk Anja Weise Registereintrag: Eintragung im Vereinsregister des Amtsgericht Bautzen, Register-Nr.: 30151 Disclaimer\/Haftungsausschluss Haftung f\u00fcr Inhalte Als Diensteanbieter sind wir gem\u00e4\u00df \u00a7 7 Abs.1 TMG f\u00fcr eigene Inhalte auf [&hellip;]<\/p>\n","protected":false},"author":3,"featured_media":0,"parent":0,"menu_order":0,"comment_status":"closed","ping_status":"closed","template":"","meta":{"footnotes":""},"class_list":["post-76","page","type-page","status-publish","hentry","post-preview"],"_links":{"self":[{"href":"https:\/\/gartenfreunde-auritz.de\/index.php?rest_route=\/wp\/v2\/pages\/76","targetHints":{"allow":["GET"]}}],"collection":[{"href":"https:\/\/gartenfreunde-auritz.de\/index.php?rest_route=\/wp\/v2\/pages"}],"about":[{"href":"https:\/\/gartenfreunde-auritz.de\/index.php?rest_route=\/wp\/v2\/types\/page"}],"author":[{"embeddable":true,"href":"https:\/\/gartenfreunde-auritz.de\/index.php?rest_route=\/wp\/v2\/users\/3"}],"replies":[{"embeddable":true,"href":"https:\/\/gartenfreunde-auritz.de\/index.php?rest_route=%2Fwp%2Fv2%2Fcomments&post=76"}],"version-history":[{"count":5,"href":"https:\/\/gartenfreunde-auritz.de\/index.php?rest_route=\/wp\/v2\/pages\/76\/revisions"}],"predecessor-version":[{"id":1337,"href":"https:\/\/gartenfreunde-auritz.de\/index.php?rest_route=\/wp\/v2\/pages\/76\/revisions\/1337"}],"wp:attachment":[{"href":"https:\/\/gartenfreunde-auritz.de\/index.php?rest_route=%2Fwp%2Fv2%2Fmedia&parent=76"}],"curies":[{"name":"wp","href":"https:\/\/api.w.org\/{rel}","templated":true}]}}